lculate the highest common factor of 12225 and 225.
75
What is the greatest common divisor of 147 and 7791?
147
Calculate the highest common divisor of 11 and 88.
11
Calculate the highest common divisor of 87 and 12.
3
Calculate the greatest common factor of 176 and 80.
16
Calculate the highest common divisor of 15 and 372.
3
What is the greatest common factor of 12 and 88?
4
Calculate the highest common factor of 221 and 17.
17
Calculate the greatest common divisor of 2248 and 8.
8
Calculate the highest common divisor of 675 and 54.
27
Calculate the highest common factor of 22 and 396.
22
Calculate the greatest common divisor of 66 and 48.
6
Calculate the highest common divisor of 3956 and 92.
92
What is the highest common divisor of 2301 and 708?
177
Calculate the greatest common factor of 24 and 552.
24
Calculate the greatest common factor of 135 and 14850.
135
Calculate the highest common factor of 18 and 342.
18
Calculate the highest common factor of 3140 and 140.
20
What is the greatest common divisor of 75 and 9?
3
Calculate the highest common divisor of 105 and 49.
7
Calculate the highest common divisor of 896 and 112.
112
Calculate the highest common divisor of 62 and 8.
2
Calculate the greatest common divisor of 2 and 2.
2
What is the greatest common factor of 60 and 330?
30
Calculate the highest common divisor of 98 and 8379.
49
Calculate the highest common divisor of 45 and 95.
5
Calculate the highest common factor of 369 and 126.
9
Calculate the highest common factor of 4371 and 186.
93
Calculate the highest common factor of 2059 and 142.
71
What is the greatest common divisor of 12828 and 12?
12
Calculate the greatest common divisor of 1525 and 61.
61
What is the greatest common divisor of 1 and 55?
1
Calculate the highest common factor of 256 and 16.
16
Calculate the greatest common divisor of 16 and 1360.
16
What is the greatest common factor of 6 and 146?
2
Calculate the highest common factor of 260 and 260.
260
Calculate the greatest common divisor of 4 and 4.
4
What is the highest common factor of 17974 and 836?
418
What is the highest common divisor of 1410 and 40?
10
Calculate the highest common divisor of 1184 and 352.
32
Calculate the highest common divisor of 3670 and 20.
10
Calculate the greatest common divisor of 149 and 8791.
149
What is the greatest common factor of 45 and 10?
5
What is the highest common factor of 3500 and 28?
28
Calculate the greatest common factor of 2547 and 117.
9
Calculate the greatest common divisor of 225 and 360.
45
What is the greatest common divisor of 7 and 1981?
7
What is the highest common divisor of 495 and 605?
55
What is the greatest common factor of 126 and 90?
18
What is the highest common factor of 188 and 15839?
47
Calculate the highest common divisor of 413 and 177.
59
What is the greatest common factor of 234 and 1482?
78
Calculate the highest common factor of 7 and 116.
1
What is the greatest common divisor of 16 and 6408?
8
Calculate the greatest common divisor of 360 and 24.
24
Calculate the highest common factor of 4720 and 354.
118
What is the highest common divisor of 1809 and 6231?
201
What is the greatest common divisor of 116 and 124?
4
What is the greatest common factor of 45 and 72?
9
Calculate the highest common factor of 21 and 8043.
21
Calculate the greatest common factor of 62 and 1984.
62
What is the highest common factor of 14 and 4886?
14
What is the greatest common factor of 869 and 22?
11
Calculate the highest common divisor of 36 and 828.
36
Calculate the highest common divisor of 54 and 138.
6
Calculate the highest common divisor of 120 and 86280.
120
What is the highest common divisor of 23 and 69?
23
Calculate the highest common divisor of 671 and 183.
61
What is the highest common factor of 36 and 243?
9
What is the greatest common factor of 3027 and 3?
3
What is the highest common divisor of 250 and 150?
50
What is the greatest common factor of 182 and 234?
26
Calculate the highest common divisor of 208 and 39.
13
Calculate the greatest common divisor of 13 and 117.
13
Calculate the highest common factor of 252 and 1296.
36
What is the highest common factor of 134 and 469?
67
Calculate the greatest common factor of 48 and 768.
48
Calculate the greatest common factor of 15 and 60.
15
Calculate the greatest common factor of 10 and 835.
5
What is the highest common divisor of 16 and 14752?
16
What is the highest common divisor of 406 and 112?
14
Calculate the greatest common divisor of 8445 and 165.
15
What is the greatest common factor of 51 and 3009?
51
What is the greatest common divisor of 23421 and 211?
211
What is the highest common factor of 28 and 21028?
28
Calculate the highest common divisor of 396 and 88.
44
Calculate the highest common divisor of 26 and 442.
26
What is the highest common divisor of 22 and 187?
11
What is the greatest common factor of 2223 and 684?
171
Calculate the greatest common factor of 294 and 2450.
98
Calculate the greatest common divisor of 153 and 2193.
51
Calculate the greatest common divisor of 140 and 240.
20
What is the highest common factor of 7 and 5?
1
What is the highest common divisor of 2379 and 61?
61
What is the highest common divisor of 1050 and 378?
42
Calculate the greatest common divisor of 1920 and 224.
32
Calculate the highest common factor of 5 and 6465.
5
Calculate the greatest common factor of 976 and 305.
61
What is the highest common factor of 2432 and 76?
76
Calculate the highest common factor of 5427 and 871.
67
What is the greatest common factor of 40 and 100?
20
Calculate the greatest common divisor of 231 and 1463.
77
Calculate the highest common divisor of 256 and 288.
32
What is the highest common factor of 16 and 1984?
16
Calculate the highest common factor of 162 and 6.
6
Calculate the greatest common divisor of 240 and 2928.
48
Calculate the greatest common factor of 256 and 52.
4
Calculate the highest common factor of 11 and 869.
11
Calculate the greatest common divisor of 28 and 448.
28
What is the greatest common factor of 133 and 76?
19
Calculate the greatest common factor of 5473 and 13.
13
Calculate the greatest common factor of 288 and 180.
36
What is the highest common divisor of 95 and 125?
5
Calculate the highest common divisor of 30 and 435.
15
Calculate the highest common factor of 24 and 3972.
12
Calculate the greatest common factor of 10849 and 19.
19
Calculate the highest common factor of 354 and 7257.
177
What is the greatest common factor of 737 and 33?
11
What is the highest common factor of 448 and 392?
56
What is the highest common divisor of 6758 and 62?
62
Calculate the greatest common divisor of 1791 and 63.
9
Calculate the greatest common divisor of 3225 and 75.
75
Calculate the highest common factor of 3094 and 104.
26
Calculate the greatest common factor of 4 and 524.
4
Calculate the highest common factor of 31 and 2.
1
Calculate the highest common factor of 30 and 18.
6
What is the greatest common divisor of 6987 and 68?
17
What is the highest common factor of 41 and 26527?
41
What is the highest common factor of 352 and 2552?
88
Calculate the greatest common factor of 1842 and 6.
6
What is the highest common divisor of 113800 and 200?
200
Calculate the greatest common factor of 6080 and 20.
20
What is the highest common divisor of 11 and 253?
11
Calculate the highest common divisor of 25216 and 197.
197
Calculate the greatest common divisor of 36 and 126.
18
Calculate the highest common divisor of 340 and 5015.
85
Calculate the greatest common divisor of 66 and 12.
6
What is the greatest common divisor of 117 and 13?
13
Calculate the greatest common factor of 80 and 100.
20
Calculate the highest common factor of 7 and 637.
7
Calculate the greatest common factor of 414 and 8418.
138
What is the greatest common divisor of 1120 and 420?
140
Calculate the highest common factor of 3498 and 198.
66
What is the greatest common factor of 28 and 14?
14
Calculate the greatest common factor of 64 and 8.
8
Calculate the greatest common divisor of 150 and 4150.
50
What is the greatest common factor of 28 and 896?
28
What is the greatest common divisor of 62 and 1550?
62
Calculate the greatest common factor of 3741 and 516.
129
What is the highest common divisor of 2